g(w).
2
Let v(g) = g**2 - 4. Suppose -2*w - 3*w = 0. Suppose w = -2*h + 3*y - 9, 2*y - 30 = -5*h - y. What is v(h)?
5
Let z be ((-9)/(-21))/((-12)/(-56)). Let w(r) be the third derivative of -r**4/24 + r**2. What is w(z)?
-2
Suppose 0 = -3*u - 5*x - 10 + 25, -3*u + 5*x - 15 = 0. Let n(g) = u + 2 + 2*g + 3. What is n(-6)?
-7
Let m(o) = 10*o**3 - 31*o**2 + 17*o - 12. Let p(u) = 7*u**3 - 21*u**2 + 11*u - 8. Let v(k) = 5*m(k) - 7*p(k). Give v(7).
3
Let t(x) be the third derivative of -1/60*x**5 + 1/6*x**4 + 0*x + 1/3*x**3 + 0 + 4*x**2. Calculate t(5).
-3
Let i be (-4)/(-20) + (-26)/5. Let v(l) = -l - 5. Let s be v(i). Let h(g) be the first derivative of g**4/4 - g**3/3 + g**2/2 + 5*g + 2. What is h(s)?
5
Suppose -w = -2 - 3. Suppose w*c + 1 - 21 = 0. Let i(u) be the second derivative of -u**3/3 - u**2/2 - 4*u. What is i(c)?
-9
Let s(z) be the first derivative of -3*z**3 - z**2/2 - 2. What is s(1)?
-10
Suppose c = 2*o + 1 - 4, o - 7 = -5*c. Suppose o*i - 15 = -i. Suppose 2*d - i + 13 = 0. Let y(w) = w**2 + 3*w - 1. Determine y(d).
3
Let o(t) be the second derivative of -t**4/6 - 5*t**3/6 - 3*t**2/2 + t. What is o(-3)?
-6
Let d(t) = -7 + 3*t - 2*t + 13. Calculate d(-3).
3
Let g(t) = 7 + t**3 - 4 + 3*t - 3 - 5*t**2. What is g(4)?
-4
Let n(r) be the third derivative of -r**7/2520 - r**6/90 - 7*r**5/60 - 6*r**2. Let b(v) be the third derivative of n(v). Give b(-6).
4
Let c(s) = s + 17. Let r(n) be the first derivative of n**2 + 35*n + 1. Let a(h) = -9*c(h) + 4*r(h). Give a(-6).
-7
Let p(y) = -4*y**2 - 6*y - 4. Let t(s) = -10*s**2 - 18*s - 13. Let b(g) = 8*p(g) - 3*t(g). Determine b(5).
-13
Let f be 0/((-1)/((10/(-4))/5)). Let k(v) = v. Let o(r) = 7*r. Let z(s) = 6*k(s) - o(s). What is z(f)?
0
Let x(g) = 10*g**2 + g + 1. Suppose -3*b = 2*i + 5, -2*b = 2*i + 2*b + 6. Give x(i).
10
Let w(l) = 3*l**2 + l - 3. Let d(o) = 6 - o - 6*o**2 - o**2 - 2*o. Let h(q) = -4*d(q) - 9*w(q). Let j be h(-3). Let t(z) = -z**2 + 2*z + 1. What is t(j)?
-2
Suppose -5*g - 3*h = -60, 0*h = g + 2*h - 5. Suppose p = -q - 0*p + 2, -5*q + g = 4*p. Let k(n) = n**2 - 7*n - 5. Give k(q).
-5
Let d(k) = -k - 2. Let a be d(-7). Let c(q) be the third derivative of q**4/12 - 5*q**3/6 - 11*q**2. Give c(a).
5
Let n(w) = -w**2 + 5*w + 4. Suppose -3*c + 3 = f - 2, 0 = 2*c + 2*f - 2. Let m = 7 - c. Give n(m).
4
Suppose 7*g - 5*g = 6. Let l(i) = g - 3 - 1 + 6*i**2 + 2*i. Calculate l(1).
7
Let u(c) = -5*c**2 + 2*c + 6. Let i(l) = 3*l**2 - l - 4. Let a(g) = 8*i(g) + 5*u(g). Let d = 4 + 0. Suppose -d - 5 = -3*v. Calculate a(v).
-5
Let s(a) be the first derivative of a**3/3 - 4*a**2 + 2*a - 1. Let o = -151 - -158. Calculate s(o).
-5
Let w(j) = -6*j**2 + 2*j - 1. Let o = -1 + -3. Let u(s) = 2*s - 23. Let p(c) = c - 11. Let y(a) = o*u(a) + 9*p(a). Let l be y(8). Give w(l).
-5
Let n(j) = j**3 - j**2 + j. Let t(h) = 6*h**3 + 11*h + 3. Let d(s) = 5*n(s) - t(s). Give d(-4).
5
Let z(x) = 7*x**2 + 6*x + 7. Let b(m) = 15*m**2 + 13*m + 15. Let a(d) = 4*b(d) - 9*z(d). Suppose 7*w - 4*w + 6 = 0. Give a(w).
-11
Let h = 4 + -5. Let m = h - -3. Suppose 3*t + 2*l = 5, -m*t - 3*l + 7 = -3. Let p(v) = -4*v**3 + v. What is p(t)?
3
Let g = 6 - 3. Let t(a) = 4*a**2 + 1 - 7*a**2 - g*a**2 + a**3 + a + 5. Determine t(6).
12
Let a(d) = 8*d + 1. Let v(f) = 9*f. Let g(u) = -3*a(u) + 2*v(u). Calculate g(-2).
9
Let s(k) = 19*k**2 - k - 1. Let m = 12 + -13. Calculate s(m).
19
Let t(j) be the third derivative of -j**4/8 + 4*j**3/3 - 12*j**2. Give t(7).
-13
Let l(i) = -104*i**2 + 0 - 5 + 102*i**2 + 7*i. Let h(x) = 1 + 2*x**2 - 2*x**2 + 5*x + x**2 - 3*x. Let a be h(-3). Determine l(a).
-9
Let x be 3/2*(0 - -2). Let n(o) = o**3 - 2*o**2 - o - 1. Give n(x).
5
Let j(z) be the first derivative of 2*z**2 + z + 2. Let n(b) = -b**3 - 4*b**2 + 2*b + 6. Let l be n(-4). What is j(l)?
-7
Let v(d) = d**3 - 14*d**2 - 2 - d + 7*d**2 + 10*d**2. Give v(-3).
1
Suppose y - 2 = 4*k - 0*k, -3*k = 2*y - 4. Suppose 9*u + 15 = 14*u. Let n(w) = -w**2 + u*w - y*w**2 - 2*w. What is n(1)?
-2
Let t = 9 + -6. Let w(a) = 9 - 4*a - a**t + a**2 + a + 2*a. Let x(l) = -l**2 + l + 2. Let i be x(2). Give w(i).
9
Suppose -2*g = -0*g - 8. Let w(c) be the second derivative of -c**4/12 + 5*c**3/6 - 5*c**2/2 - 4*c. Let i(s) = -1. Let q(h) = 4*i(h) - w(h). Calculate q(g).
-3
Let v(b) = -b - 3. Let o be v(-7). Let w(k) = k**3 - 2*k**2 - 5*k + 1. Determine w(o).
13
Let f(h) be the first derivative of -3*h**2/2 + 4*h + 1. Let y be f(3). Let d(w) = 3*w**2 - 4*w**2 + 1 - 5*w + 1. Determine d(y).
2
Let l(m) = 3*m**2 + 7*m + 1. Let q(f) = 7*f**2 + 15*f + 1. Let u(a) = 13*l(a) - 6*q(a). Let s(n) = -n**2 - n + 1. Let z(x) = -2*s(x) + u(x). Determine z(4).
1
Let t(y) = -y**3 + 8*y**2 - 10*y + 7. Let z be ((-7)/4)/(12/(-48)). What is t(z)?
-14
Let a(l) = -l**2 + 9*l - 6. Suppose 3*w + 23 = 5*d + 59, -6 = -3*w - 5*d. Calculate a(w).
8
Let v(a) be the third derivative of a**5/60 - a**4/6 + a**3 + 14*a**2. Determine v(4).
6
Suppose 0 = 2*t + 6 - 16, 5*t = 2*g + 33. Let f(x) = -x**2 - 2*x + 5. Determine f(g).
-3
Let q(b) = -b**2 - 7*b - 4. Let o be q(-6). Let u(c) = -c**2 + 1. Determine u(o).
-3
Suppose -8 = -4*g + 4. Let d = 3 + g. Let u(o) = 5*o - o**2 + d + 0*o**2 - 4*o. Give u(0).
6
Suppose 0 = -6*q + 2*q + 28. Suppose 2*x + a + 2*a + q = 0, -7 = 3*x + a. Let d(v) = -3*v. Determine d(x).
6
Suppose -2*v = 2*v - 8. Let s(d) = d - 4 + 5 + 6 + v. Determine s(0).
9
Let q = 105 + -96. Let x(g) = -g + 11. Calculate x(q).
2
Let g(l) = l**2 - 4. Let a = -18 + 21. Calculate g(a).
5
Let f(o) = -o**3 - 6*o**2 - 5*o + 2. Suppose -169*u + 174*u = -25. What is f(u)?
2
Suppose 20 = 4*k + k - 5*z, -z = 4. Let o = -1 - k. Let q = o - -5. Let l(j) = j**2 - 3*j - 3. Give l(q).
1
Suppose -48 = 13*k - 21*k. Let q(s) = -s**3 - 5*s**2 - 8*s + 12*s**2 + 3*s. Determine q(k).
6
Let s(u) = -4*u**2 + 2*u - 7. Let c(z) = -z**2 - z. Let k(l) = -5*c(l) + s(l). Determine k(-8).
1
Suppose 0 = 2*j + 6 - 16. Let z(c) = -c**2 + 4*c + 6. Calculate z(j).
1
Let k(v) be the second derivative of -v**5/20 - v**4/6 - v**3/6 - v**2/2 - 2*v. Let q(d) = d - 14. Let f be q(12). Determine k(f).
1
Suppose l - 11 = -0*l. Let k(a) = 2*a + 0 + l - a. Give k(-5).
6
Let q(u) = -6*u + 3. Let j(l) = l**3 + 16*l**2 + 15*l - 2. Let s be j(-15). Let t be ((-10)/30)/(s/18). What is q(t)?
-15
Let t(n) = n**2 - 3*n + 5. Let s be t(3). Let q(x) be the second derivative of -1/3*x**4 + 0 + 1/20*x**s + x - 2/3*x**3 - 5/2*x**2. Give q(5).
0
Let r(s) be the second derivative of s**3/6 + 9*s**2/2 - 8*s + 5. What is r(-8)?
1
Let l(b) = 0*b**3 + b + 2*b**2 - 1 + 2*b**2 + b**3 + 2*b. Let y = 3 - 6. Calculate l(y).
-1
Let a(o) = 15*o**3 - 21*o**2 - 10*o - 1. Let d(r) = -7*r**3 + 10*r**2 + 5*r. Let y(k) = 6*a(k) + 13*d(k). Calculate y(5).
-6
Suppose -3*j = -20 + 2. Let t(f) = 5*f**3 - 2*f**2 + 3*f + 4. Let c(w) = 4*w**3 - 3*w**2 + 2*w + 3. Let s(z) = 4*c(z) - 3*t(z). Calculate s(j).
-6
Suppose 19 = -w - 6*n + 2*n, 5*w - 2*n = 15. Let z(p) be the first derivative of -2*p**4 - p**3/3 + 1. Determine z(w).
-9
Let k be ((-4)/6)/(2/(-12)). Suppose a - k*c = -2*a + 20, -a = -2*c - 8. Let p(v) = v**2 - 6*v + 4. What is p(a)?
-4
Suppose -3 - 9 = -3*a. Let u(t) = 0*t**2 - 2*t**2 - 7*t + 5 + 3*t**2. Give u(a).
-7
Let o be (-11 - -1)*2/5. Let i(t) = 3*t**2 + 8*t + 3. Let c(l) = 6*l**2 + 15*l + 6. Let n(q) = o*c(q) + 7*i(q). Let u be ((-3)/1)/(3/2). Calculate n(u).
-7
Let a(l) be the third derivative of -1/24*l**4 - 1/30*l**5 + 0*l**3 - l**2 + 0*l + 0. Give a(-1).
-1
Let s(i) = 2*i - 4. Let y(p) = -p**2 - 7*p - 4. Let h be y(-5). Let w(j) = 3*j - 5. Suppose -10 + 3 = a. Let z(o) = a*s(o) + h*w(o). Give z(-2).
-10
Let v(n) = 0*n - 3*n + 2*n + 15 - 17. What is v(-6)?
4
Suppose 0 = 5*r + 5, 5*f + 3*r = f + 5. Suppose 20 = f*l + 3*l. Suppose 12 + 4 = l*w. Let d(h) = -h**2 + 7*h - 5. Calculate d(w).
7
Suppose -13 = 4*w - 5. Let y = 0 - w. Let k(r) = 2*r - y + 4*r**2 - 4*r + r**3 + 3*r - 4*r. Give k(-4).
10
Suppose 5*n + 3 = 2*k, 0 - 12 = 3*k - 2*n. Let a(d) = -5*d - 8. Let o(z) = z + 1. Let f(u) = k*o(u) - a(u). Determine f(-6).
8
Suppose c - 8 = -5*r, 2 = 3*c - 2*c + 2*r. Let j(x) = 3*x + 13. Let l(n) = n + 4. Let h(p) = c*j(p) + 7*l(p). Calculate h(5).
7
Suppose -2*i - 98 = -4*i. Let l be (-2)/7 - (-112)/i. Let h(x) = 3*x**l - 1 + x**2 + 0*x**2 + 2*x + 3*x**2. Determi